w = 52299 + 29044. Is w a prime number?
True
Let a = -568762 + 816489. Is a a composite number?
True
Suppose -2*i - 8966 = 4*k, 4*i + 2*k = -5160 - 12748. Let u be (1/1)/(2 + i/2235). Let g = -112 - u. Is g a prime number?
False
Is (-12*(-6)/(13 + -1) - 4) + 57701 a prime number?
False
Let y = 248542 + -153003. Is y composite?
False
Let o(p) = p**3 + 52*p**2 - 34*p - 9. Is o(-46) a composite number?
False
Suppose -39*f + 78243 = 14*f - 25690. Is f composite?
True
Let s = 14303 + -8230. Let a = -2582 + s. Is a composite?
False
Suppose 20*c = 34*c + 84. Is (c - 132/(-21)) + (-78774)/(-14) composite?
True
Suppose 165580 = 30*l - 10*l. Suppose -l = -3*d + 4894. Is d prime?
True
Is 236*23555/42 - 3*3/(-27) a prime number?
False
Let q(u) = u**3 + 12*u**2 - 27*u + 18. Let b be q(-14). Suppose 3*p - 29600 = -6*x + x, -b*x = 2*p - 23682. Is x a composite number?
False
Let k = -479 + 488. Is 223518/k - 2/6 a prime number?
False
Let b be (2843 + -6)*1*(-1 - 5). Let h = b - -33548. Is h a composite number?
True
Let i(n) = -n**3 + 59*n**2 - 16*n + 69. Is i(29) a composite number?
True
Suppose -419 - 1012 = -9*w. Suppose -3*s + 1902 = -0*s. Suppose -5*j + s = w. Is j composite?
True
Let k be 9/(-6)*-46*(-2)/(-3). Let n = k + -41. Suppose 17772 = n*h - h. Is h a composite number?
True
Let l(w) = -66*w**3 + 13*w**2 - 25*w - 445. Is l(-9) prime?
True
Suppose -3*g + 2420972 = 6*q - 4*q, -q + g + 1210471 = 0. Is q a composite number?
False
Let o(p) = -2*p - 15. Let s be o(-9). Suppose s*a + 2605 = 15*f - 10*f, -3*a + 2084 = 4*f. Is f a prime number?
True
Let d(i) = i**2 - 14*i + 21. Let q be d(17). Let a = 74 - q. Suppose o - a*o = -2923. Is o a prime number?
False
Let b = 121 + -119. Suppose b*w + 2713 - 16847 = 0. Is w composite?
True
Let a(k) = -62*k - 114. Let g be a(-2). Is 36598/g - 24/540*18 prime?
True
Let b(x) = -42*x - 79. Let s be b(-2). Suppose -s*z + 11094 = -4111. Is z a prime number?
True
Let z be (4/(-5))/(16/(-114440)). Suppose -10*x + 14592 - z = 0. Let v = 200 + x. Is v a composite number?
False
Suppose -3*k + 960 = -2*d, 2*d - 960 = -35*k + 32*k. Suppose -4*c - k + 19732 = 0. Is c a composite number?
True
Suppose -a = -3, -2*z - a + 123 = z. Let l be (3 - -1) + 1 + -1. Suppose -l*v + 268 = -z. Is v composite?
True
Suppose -5*w + 0*o + 4*o = -10, 2*w + 3*o - 27 = 0. Suppose -2*f - 2 = w. Is 1*4/6*(-4062)/f composite?
False
Let z be (63 + 0)/3 - -4. Suppose -y = z - 27. Suppose -26 = y*u - 132. Is u composite?
False
Let r(y) = 61*y + 59. Let o(m) = m. Let a(j) = 3*o(j) + r(j). Let q(c) = 129*c + 118. Let u(x) = 9*a(x) - 4*q(x). Is u(14) a prime number?
False
Let o = -3695 + 5238. Is o composite?
False
Suppose 128*m + 565646 = 4*t + 123*m, 707053 = 5*t - 4*m. Is t a prime number?
False
Suppose 5*v - 9*v = 4*z + 20, 2*v - 2*z = 10. Let t(o) = -o**2 + 6*o + 4679. Is t(v) a composite number?
False
Suppose -9*u + 10*u = -226. Is (-23)/4*u*2 prime?
False
Is ((-5171223)/172)/(1/(-4)) a prime number?
False
Let b(k) = 785*k**2 - k + 2. Let o be b(1). Suppose 4*l = 5*y - 0*y + 794, 0 = 5*y + 4*l + o. Let x = y + 273. Is x prime?
False
Suppose -6736969 = 76*q - 120*q - 83*q. Is q a prime number?
True
Let h(u) = 10*u**2 - 2*u - 2. Let j = 90 + -82. Suppose 5*p = 3*p - j. Is h(p) composite?
True
Suppose 0 = -4*l - 4, -5*f + 56*l + 29530 = 51*l. Is f prime?
False
Let l(d) = 3201*d**2 + 298*d - 2229. Is l(8) composite?
False
Let r = -53 - -76. Let d = 28 - r. Suppose d*m + t - 2511 = -3*t, 3*m - 4*t = 1481. Is m prime?
True
Let n(g) = -111*g - 86. Let w = 156 - 173. Is n(w) prime?
True
Let v be 16828/(-4)*206/(-4 + 6). Is (-4)/(-6) + v/(-21) composite?
True
Suppose -2*m + 5*j = -860193, 0*m - 17*m + j = -7311350. Is m a prime number?
False
Let r be (56/10)/(11*22/4015385). Suppose r = -35*p + 49*p. Is p a prime number?
True
Is 204/12 + (-558)/(-9) a composite number?
False
Let s(h) = h**2 + 2*h - 3. Let t be s(0). Let b(l) = -8*l**2 + 44*l + 69. Let g(x) = -4*x**2 + 22*x + 34. Let z(i) = t*b(i) + 5*g(i). Is z(17) composite?
True
Suppose 44269 + 6072 = q - 4*d, 5*q - d = 251648. Is q composite?
False
Suppose -47*g + 1243131 = -16*g. Is g a composite number?
True
Is 94*1748 + 3/(8 + -3 + -8) composite?
True
Let u = -389 - -392. Suppose -4*i - 4*h + 24668 = 0, 0 = -5*i + 7*h - u*h + 30799. Is i a prime number?
True
Suppose 0 = -11*q + 264 + 737. Suppose -104*b = -q*b - 144469. Is b prime?
True
Let s = 18649 - -70852. Is s a prime number?
True
Let b = -85 + 92. Suppose -b*l = -19*l + 23172. Is l prime?
True
Let r(y) = -y**2 + 8*y - 10. Let z be r(6). Let s be 4 + (z - -843 - -4). Let x = -368 + s. Is x composite?
True
Let p = -274 + 241. Suppose -3*d - h = -2*h - 18, 4*d = -5*h + 24. Is d/p + 508/11 prime?
False
Suppose -6*h = 23 - 35. Suppose 2*v + 2*u + 4 = 0, -4*u + 2*u + h = 5*v. Suppose 0 = 5*r - v*r - 7971. Is r a composite number?
False
Suppose -8*i + 6*i + 4 = 0. Let y be 60*86*(-2)/(-8). Suppose 2*u = 4, i*x - y = 5*u - 3*u. Is x prime?
True
Let v = -91 - -93. Let o(g) = 1007 + g**v + 354 + g**2 - g**2. Is o(0) composite?
False
Let q(v) = 2*v**3 - 21*v**2 + 12*v. Let u be q(8). Suppose -9*p + 8221 = -3578. Let l = p + u. Is l a composite number?
False
Let h(i) = -i**3 + 6*i**2 - 7*i + 13. Let w be h(5). Suppose 0 = -w*o + o + 2. Is 2 + 516 - (0 + o) a composite number?
True
Let l = -27092 - -49501. Is l a composite number?
False
Suppose 0 = 11*j - 25*j + 5136334. Is j composite?
False
Suppose -5*i + 30 = 5*m - m, -m + 4*i = 3. Suppose -5*y = -5*d - 5625, 282 = -4*y - m*d + 4764. Is y composite?
False
Suppose 0 = 2*u - 4*n - 0*n - 2474, 0 = -2*u - 5*n + 2465. Suppose 0 = 3*m + 150 + 372. Let g = u - m. Is g prime?
True
Let u(o) = -24*o + 10. Let t be u(4). Suppose 0*h + 4*p = 3*h - 1559, 3*h = 5*p + 1564. Let c = h + t. Is c composite?
True
Suppose -4*b + 14896630 = -2*i, 4*b - 1252*i + 1257*i - 14896623 = 0. Is b a composite number?
False
Let r = -97 - -101. Suppose -y - 1455 = r*y. Is 6/3*y/(-12)*22 composite?
True
Suppose 0*a + 2*a + 2*b = 246, -a + 3*b = -135. Suppose -122*k = -a*k + 3880. Suppose 5*o - 1449 = 2*u, 0 = 3*o + 5*u + 113 - k. Is o a prime number?
False
Let z = -18665 - -27809. Suppose 0 = 4*f - 3*q - 28160 + z, -2*f - q + 9498 = 0. Is f composite?
False
Let z(r) = 2419*r**2 - 2. Is z(7) a composite number?
False
Suppose 2*i - 2747 = -3*x, -3*i - 2*x + 4121 = 3*x. Suppose -4*p + 1260 = -i. Suppose -4*g + 5*l + p = -19, 306 = 2*g + 4*l. Is g a composite number?
False
Let f be (3 + -1)/1*2. Suppose 86*r = 99*r - 67132. Suppose -f*x = -0*x - r. Is x a composite number?
False
Let p = 190593 - -41056. Is p a prime number?
False
Let n(o) = -5361*o**3 + 43*o**2 + 144*o - 1. Is n(-3) prime?
True
Let z = 1900501 - 1137098. Is z a composite number?
False
Let m(h) = 28*h + 34. Let w be m(2). Suppose w*i - 89*i - 8467 = 0. Is i composite?
False
Let b = 24435 - 10445. Suppose -w = -5*q + b, 4*q = -w + 272 + 10911. Is q prime?
True
Let a(w) = w**3 + w**2 + 3*w + 5460. Let u be a(0). Suppose -2*l + 7*l = -2*f + 6797, -4*f = -4*l + u. Is l a prime number?
True
Let m = 66429 + -147752. Is -2*m/44*(-1 - -3) composite?
False
Let f(u) = -u + 11. Let r be f(9). Let m(j) = 33*j - 18*j**2 + 4*j**r + 11*j**2 + 19 + 2*j**2. Is m(18) a prime number?
False
Let g = 1358 + -948. Suppose 15*m = -g + 50. Is 3/(m/(-3442))*4 composite?
False
Suppose -5*d + 10731 = 3*l, d - 6459 = -2*d + 5*l. Is (115/10)/(6/d) a prime number?
False
Let u(c) = 3*c**2 + 259*c + 330. Is u(-89) a composite number?
True
Let v be 13/(-7 - (-43405)/6200). Suppose 3*c - 5*c + 6444 = -4*a, -5*c + 5*a = -v. Is c composite?
True
Suppose -d + 3*a + 26160 = 3*d, d + 4*a = 6559. Suppose 26*r = -4*j + 24*r + 13110, -2*j = 5*r - d. Is j prime?
False
Suppose m - 5321 = r + 15835, 4*m - r - 84645 = 0. Is m composite?
False
Let c(t) = 2*t**3 - 59*t**2 - 128*t + 163. Is c(40) a prime number?
True
Is -17 + 3668*1027/2 composite?
False
Let p(j) = 204*j + 53. Let m be 2/8 + 3*(-209)/(-132). Is p(m) prime?
False
Let s = 227845 + -152556. Is s composite?
False
Suppose -398291 = -23*q + 1208420. Is q a prime number?
True
Let d = 0 + 6. Let w be d/9*564/2. Let o = w + 281. Is o a prime number?
False
Let o(x) be the first derivative of -1143*x**2/2 + 49*x + 45. Is o(-4) composite?
False
Let t(p) = 18*p**2 - p +